{"id":220,"date":"2021-12-20T18:14:22","date_gmt":"2021-12-20T17:14:22","guid":{"rendered":"http:\/\/dennis.jansen-heizungstechnik.de\/?page_id=220"},"modified":"2025-04-23T01:23:31","modified_gmt":"2025-04-22T23:23:31","slug":"home","status":"publish","type":"page","link":"https:\/\/jansen-heizungstechnik.de\/","title":{"rendered":"Startseite"},"content":{"rendered":"\t\t<div data-elementor-type=\"wp-page\" data-elementor-id=\"220\" class=\"elementor elementor-220\">\n\t\t\t\t\t\t<section class=\"elementor-section elementor-top-section elementor-element elementor-element-c3aad97 elementor-section-full_width elementor-section-stretched elementor-section-height-default elementor-section-height-default\" data-id=\"c3aad97\" data-element_type=\"section\" data-e-type=\"section\" data-settings=\"{&quot;stretch_section&quot;:&quot;section-stretched&quot;}\">\n\t\t\t\t\t\t<div class=\"elementor-container elementor-column-gap-default\">\n\t\t\t\t\t<div class=\"elementor-column elementor-col-100 elementor-top-column elementor-element elementor-element-5783ef5\" data-id=\"5783ef5\" data-element_type=\"column\" data-e-type=\"column\">\n\t\t\t<div class=\"elementor-widget-wrap elementor-element-populated\">\n\t\t\t\t\t\t<div class=\"elementor-element elementor-element-1a0977b elementor-widget elementor-widget-text-editor\" data-id=\"1a0977b\" data-element_type=\"widget\" data-e-type=\"widget\" data-widget_type=\"text-editor.default\">\n\t\t\t\t<div class=\"elementor-widget-container\">\n\t\t\t\t\t\t\t\t\t<section class=\"hero-header\">\n<div class=\"hero-content\">\n<h1><b>Ihr smarter Partner f\u00fcr Heizungstechnik<\/b><\/h1>\n<h1><b>Elektrotechnik<\/b><\/h1>\n<h1 id=\"firstHeading\" class=\"firstHeading mw-first-heading\"><span class=\"mw-page-title-main\"><b>Photovoltaik<\/b><\/span><\/h1>\n<p><span style=\"color: #000000;\">Moderne Heizsysteme, nachhaltige Energie und intelligente Smart-Home-L\u00f6sungen \u2013 alles aus einer Hand.<\/span><\/p>\n<p><a class=\"btn-primary\" href=\"https:\/\/jansen-heizungstechnik.de\/?page_id=187\">Jetzt Kontakt aufnehmen<\/a><\/p>\n<\/div>\n<\/section>\t\t\t\t\t\t\t\t<\/div>\n\t\t\t\t<\/div>\n\t\t\t\t\t<\/div>\n\t\t<\/div>\n\t\t\t\t\t<\/div>\n\t\t<\/section>\n\t\t\t\t<section class=\"elementor-section elementor-top-section elementor-element elementor-element-29ad8d6 elementor-section-stretched elementor-section-boxed elementor-section-height-default elementor-section-height-default\" data-id=\"29ad8d6\" data-element_type=\"section\" data-e-type=\"section\" data-settings=\"{&quot;stretch_section&quot;:&quot;section-stretched&quot;}\">\n\t\t\t\t\t\t<div class=\"elementor-container elementor-column-gap-default\">\n\t\t\t\t\t<div class=\"elementor-column elementor-col-100 elementor-top-column elementor-element elementor-element-9ad3441\" data-id=\"9ad3441\" data-element_type=\"column\" data-e-type=\"column\">\n\t\t\t<div class=\"elementor-widget-wrap elementor-element-populated\">\n\t\t\t\t\t\t<div class=\"elementor-element elementor-element-d2cdb07 elementor-widget elementor-widget-text-editor\" data-id=\"d2cdb07\" data-element_type=\"widget\" data-e-type=\"widget\" data-widget_type=\"text-editor.default\">\n\t\t\t\t<div class=\"elementor-widget-container\">\n\t\t\t\t\t\t\t\t\t<section class=\"about-us\">\n<h3>Warum Dieter Jansen Heizungstechnik?<\/h3>\n<div class=\"about-container\">\n<div class=\"about-box\">\n<h3>\u00dcber 20 Jahre Erfahrung<\/h3>\n<p class=\"\" data-start=\"203\" data-end=\"277\"><strong data-start=\"203\" data-end=\"277\">Kompetenz und Fachwissen in Heizungsbau, Photovoltaik &amp; Elektrotechnik<\/strong><\/p>\n<p class=\"\" data-start=\"279\" data-end=\"432\">Seit \u00fcber zwei Jahrzehnten stehen wir f\u00fcr zuverl\u00e4ssige Planung und Umsetzung in den Bereichen <strong data-start=\"373\" data-end=\"388\">Heizungsbau<\/strong>, <strong data-start=\"390\" data-end=\"406\">Photovoltaik<\/strong> und <strong data-start=\"411\" data-end=\"429\">Elektrotechnik<\/strong>.<\/p>\n<p class=\"\" data-start=\"434\" data-end=\"666\">Unsere Erfahrung reicht von klassischen Installationen bis hin zu modernen L\u00f6sungen wie <strong data-start=\"522\" data-end=\"545\">Smart-Home-Systemen<\/strong> auf Basis von <strong data-start=\"560\" data-end=\"567\">KNX<\/strong> und anderen Bussystemen \u2013 immer mit dem Anspruch, Technik sinnvoll und zukunftssicher einzusetzen.<\/p>\n<\/div>\n<div class=\"about-box\">\n<h3>Nachhaltige L\u00f6sungen<\/h3>\n<p class=\"\" data-start=\"209\" data-end=\"263\"><strong data-start=\"209\" data-end=\"263\">Moderne Technik f\u00fcr eine energieeffiziente Zukunft<\/strong><\/p>\n<p class=\"\" data-start=\"265\" data-end=\"456\">Wir bieten Ihnen innovative <strong data-start=\"293\" data-end=\"308\">W\u00e4rmepumpen<\/strong>, <strong data-start=\"310\" data-end=\"333\">Photovoltaikanlagen<\/strong> und effiziente <strong data-start=\"349\" data-end=\"364\">Heizsysteme<\/strong> \u2013 alles, was Sie f\u00fcr eine nachhaltige und zukunftsorientierte Energieversorgung brauchen.<\/p>\n<p class=\"\" data-start=\"458\" data-end=\"711\">Gleichzeitig sorgen wir daf\u00fcr, dass Ihre bestehenden <strong data-start=\"511\" data-end=\"535\">\u00d6l- und Gasheizungen<\/strong> zuverl\u00e4ssig und energieeffizient laufen. Mit professioneller <strong data-start=\"597\" data-end=\"608\">Wartung<\/strong> und <strong data-start=\"613\" data-end=\"631\">Instandhaltung<\/strong> verl\u00e4ngern wir die Lebensdauer Ihrer Heizsysteme und optimieren deren Leistung.<\/p>\n<\/div>\n<div class=\"about-box\">\n<h3>Individuelle Beratung<\/h3>\n<p class=\"\" data-start=\"158\" data-end=\"208\"><strong data-start=\"158\" data-end=\"208\">Ma\u00dfgeschneiderte L\u00f6sungen f\u00fcr Ihre Bed\u00fcrfnisse<\/strong><\/p>\n<p class=\"\" data-start=\"210\" data-end=\"463\">Wir nehmen uns die Zeit, Ihre W\u00fcnsche und Fragen ausf\u00fchrlich zu besprechen. Mit einer pers\u00f6nlichen <strong data-start=\"309\" data-end=\"321\">Beratung<\/strong> finden wir die optimale L\u00f6sung f\u00fcr Ihre individuellen Anforderungen \u2013 sei es f\u00fcr Heizsysteme, Photovoltaik oder smarte Elektroinstallationen.<\/p>\n<\/div>\n<\/div>\n<\/section>\t\t\t\t\t\t\t\t<\/div>\n\t\t\t\t<\/div>\n\t\t\t\t\t<\/div>\n\t\t<\/div>\n\t\t\t\t\t<\/div>\n\t\t<\/section>\n\t\t\t\t<section class=\"elementor-section elementor-top-section elementor-element elementor-element-e96997f elementor-section-stretched elementor-section-boxed elementor-section-height-default elementor-section-height-default\" data-id=\"e96997f\" data-element_type=\"section\" data-e-type=\"section\" data-settings=\"{&quot;stretch_section&quot;:&quot;section-stretched&quot;}\">\n\t\t\t\t\t\t<div class=\"elementor-container elementor-column-gap-default\">\n\t\t\t\t\t<div class=\"elementor-column elementor-col-100 elementor-top-column elementor-element elementor-element-0c8f2db\" data-id=\"0c8f2db\" data-element_type=\"column\" data-e-type=\"column\">\n\t\t\t<div class=\"elementor-widget-wrap elementor-element-populated\">\n\t\t\t\t\t\t<div class=\"elementor-element elementor-element-705773c elementor-widget elementor-widget-text-editor\" data-id=\"705773c\" data-element_type=\"widget\" data-e-type=\"widget\" data-widget_type=\"text-editor.default\">\n\t\t\t\t<div class=\"elementor-widget-container\">\n\t\t\t\t\t\t\t\t\t<section class=\"services\"><h3>Unsere Dienstleistungen<\/h3><div class=\"service-container\"><div class=\"service-box\"><p><img fetchpriority=\"high\" decoding=\"async\" class=\"alignnone size-medium wp-image-510\" src=\"http:\/\/jansen-heizungstechnik.de\/wp-content\/uploads\/2022\/01\/flame-300x233.png\" alt=\"\" width=\"300\" height=\"233\" srcset=\"https:\/\/jansen-heizungstechnik.de\/wp-content\/uploads\/2022\/01\/flame-300x233.png 300w, https:\/\/jansen-heizungstechnik.de\/wp-content\/uploads\/2022\/01\/flame.png 363w\" sizes=\"(max-width: 300px) 100vw, 300px\" \/><\/p><h3>Heizungsbau<\/h3><p class=\"\" data-start=\"146\" data-end=\"221\"><strong data-start=\"164\" data-end=\"219\">Von \u00d6lbrennern \u00fcber Gasheizungen bis zu W\u00e4rmepumpen<\/strong><\/p><p class=\"\" data-start=\"223\" data-end=\"486\">Wir bieten effiziente und nachhaltige Heizsysteme \u2013 von bew\u00e4hrten <strong data-start=\"289\" data-end=\"303\">\u00d6lbrennern<\/strong>, \u00fcber moderne <strong data-start=\"318\" data-end=\"334\">Gasheizungen<\/strong>, bis hin zu zukunftsorientierten <strong data-start=\"368\" data-end=\"383\">W\u00e4rmepumpen<\/strong>. Egal ob klassisch oder innovativ \u2013 wir planen und installieren die passende L\u00f6sung f\u00fcr Ihr Zuhause.<\/p><\/div><div class=\"service-box\"><p><img decoding=\"async\" class=\"alignnone size-medium wp-image-437\" src=\"http:\/\/jansen-heizungstechnik.de\/wp-content\/uploads\/2021\/12\/blitz-300x233.png\" alt=\"\" width=\"300\" height=\"233\" srcset=\"https:\/\/jansen-heizungstechnik.de\/wp-content\/uploads\/2021\/12\/blitz-300x233.png 300w, https:\/\/jansen-heizungstechnik.de\/wp-content\/uploads\/2021\/12\/blitz.png 363w\" sizes=\"(max-width: 300px) 100vw, 300px\" \/><\/p><h3>Elektrotechnik<\/h3><p class=\"\" data-start=\"201\" data-end=\"245\"><strong data-start=\"201\" data-end=\"245\">Intelligent. Nachhaltig. Zukunftssicher.<\/strong><\/p><p class=\"\" data-start=\"247\" data-end=\"590\">Wir realisieren individuelle Elektroinstallationen f\u00fcr Privat- und Gewerbekunden \u2013 zukunftsorientiert und energieeffizient.<br data-start=\"370\" data-end=\"373\" \/>Von <strong data-start=\"377\" data-end=\"401\">Photovoltaik-Anlagen<\/strong> und <strong data-start=\"406\" data-end=\"426\">Speicherl\u00f6sungen<\/strong> \u00fcber <strong data-start=\"432\" data-end=\"466\">intelligente Energieverteilung<\/strong> bis hin zu <strong data-start=\"478\" data-end=\"491\">Wallboxen<\/strong> f\u00fcr die E-Mobilit\u00e4t: Wir bringen Strom dahin, wo er gebraucht wird \u2013 sicher, smart und nachhaltig.<\/p><p class=\"\" data-start=\"592\" data-end=\"704\">Ob Neubau, Modernisierung oder Nachr\u00fcstung \u2013 wir beraten Sie pers\u00f6nlich und setzen Ihre Vision professionell um.<\/p><\/div><div class=\"service-box\"><p><img decoding=\"async\" class=\"alignnone size-medium wp-image-603\" src=\"http:\/\/jansen-heizungstechnik.de\/wp-content\/uploads\/2022\/08\/cropped-fb-300x300.png\" alt=\"\" width=\"300\" height=\"300\" srcset=\"https:\/\/jansen-heizungstechnik.de\/wp-content\/uploads\/2022\/08\/cropped-fb-300x300.png 300w, https:\/\/jansen-heizungstechnik.de\/wp-content\/uploads\/2022\/08\/cropped-fb-150x150.png 150w, https:\/\/jansen-heizungstechnik.de\/wp-content\/uploads\/2022\/08\/cropped-fb-270x270.png 270w, https:\/\/jansen-heizungstechnik.de\/wp-content\/uploads\/2022\/08\/cropped-fb-192x192.png 192w, https:\/\/jansen-heizungstechnik.de\/wp-content\/uploads\/2022\/08\/cropped-fb-180x180.png 180w, https:\/\/jansen-heizungstechnik.de\/wp-content\/uploads\/2022\/08\/cropped-fb-32x32.png 32w, https:\/\/jansen-heizungstechnik.de\/wp-content\/uploads\/2022\/08\/cropped-fb.png 512w\" sizes=\"(max-width: 300px) 100vw, 300px\" \/><\/p><h3>Smart-Home-Systeme<\/h3><p class=\"\" data-start=\"201\" data-end=\"275\"><strong data-start=\"201\" data-end=\"275\">Steuern Sie Ihr Zuhause intelligent \u2013 f\u00fcr mehr Komfort und Sicherheit.<\/strong><\/p><p class=\"\" data-start=\"277\" data-end=\"471\">Ob Beleuchtung, Heizung, Rolll\u00e4den oder Sicherheitstechnik \u2013 mit unseren Smart-Home-Systemen steuern Sie zentrale Funktionen Ihres Zuhauses ganz einfach per App, Zeitsteuerung oder Sprachbefehl.<\/p><p class=\"\" data-start=\"473\" data-end=\"675\">Wir setzen auf etablierte Standards wie <strong data-start=\"513\" data-end=\"520\">KNX<\/strong> sowie andere Bussysteme, die flexibel an Ihre Bed\u00fcrfnisse angepasst werden k\u00f6nnen \u2013 f\u00fcr ein vernetztes Zuhause, das zuverl\u00e4ssig funktioniert und mitdenkt.<\/p><\/div><\/div><\/section>\t\t\t\t\t\t\t\t<\/div>\n\t\t\t\t<\/div>\n\t\t\t\t\t<\/div>\n\t\t<\/div>\n\t\t\t\t\t<\/div>\n\t\t<\/section>\n\t\t\t\t<section class=\"elementor-section elementor-top-section elementor-element elementor-element-7a16765 elementor-section-stretched elementor-section-boxed elementor-section-height-default elementor-section-height-default\" data-id=\"7a16765\" data-element_type=\"section\" data-e-type=\"section\" data-settings=\"{&quot;stretch_section&quot;:&quot;section-stretched&quot;}\">\n\t\t\t\t\t\t<div class=\"elementor-container elementor-column-gap-default\">\n\t\t\t\t\t<div class=\"elementor-column elementor-col-100 elementor-top-column elementor-element elementor-element-4f3e078\" data-id=\"4f3e078\" data-element_type=\"column\" data-e-type=\"column\">\n\t\t\t<div class=\"elementor-widget-wrap elementor-element-populated\">\n\t\t\t\t\t\t<div class=\"elementor-element elementor-element-9ef4dfb elementor-widget elementor-widget-text-editor\" data-id=\"9ef4dfb\" data-element_type=\"widget\" data-e-type=\"widget\" data-widget_type=\"text-editor.default\">\n\t\t\t\t<div class=\"elementor-widget-container\">\n\t\t\t\t\t\t\t\t\t<section class=\"contact\">\n<h3>Kontaktieren Sie uns!<\/h3>\n<p>Wir stehen Ihnen f\u00fcr Fragen, Beratung und Terminvereinbarungen zur Verf\u00fcgung.<\/p>\n<p><a class=\"btn-primary\" href=\"tel:+49 40 530 500 37\">Jetzt anrufen<\/a><\/p>\n<p><a class=\"btn-secondary\" href=\"mailto:info@jansen-heizungstechnik.de\" data-wplink-edit=\"true\">E-Mail schreiben<\/a><\/p>\n<\/section>\t\t\t\t\t\t\t\t<\/div>\n\t\t\t\t<\/div>\n\t\t\t\t\t<\/div>\n\t\t<\/div>\n\t\t\t\t\t<\/div>\n\t\t<\/section>\n\t\t\t\t<\/div>\n\t\t","protected":false},"excerpt":{"rendered":"<p>Ihr smarter Partner f\u00fcr Heizungstechnik Elektrotechnik Photovoltaik Moderne Heizsysteme, nachhaltige Energie und intelligente Smart-Home-L\u00f6sungen \u2013 alles aus einer Hand. Jetzt Kontakt aufnehmen Warum Dieter Jansen Heizungstechnik? \u00dcber 20 Jahre Erfahrung Kompetenz und Fachwissen in Heizungsbau, Photovoltaik &amp; Elektrotechnik Seit \u00fcber zwei Jahrzehnten stehen wir f\u00fcr zuverl\u00e4ssige Planung und Umsetzung in den Bereichen Heizungsbau, Photovoltaik und [&hellip;]<\/p>\n","protected":false},"author":1,"featured_media":0,"parent":0,"menu_order":0,"comment_status":"closed","ping_status":"closed","template":"","meta":{"_uag_custom_page_level_css":"","site-sidebar-layout":"default","site-content-layout":"","ast-site-content-layout":"default","site-content-style":"default","site-sidebar-style":"default","ast-global-header-display":"","ast-banner-title-visibility":"","ast-main-header-display":"","ast-hfb-above-header-display":"","ast-hfb-below-header-display":"","ast-hfb-mobile-header-display":"","site-post-title":"","ast-breadcrumbs-content":"","ast-featured-img":"","footer-sml-layout":"","ast-disable-related-posts":"","theme-transparent-header-meta":"","adv-header-id-meta":"","stick-header-meta":"","header-above-stick-meta":"","header-main-stick-meta":"","header-below-stick-meta":"","astra-migrate-meta-layouts":"set","ast-page-background-enabled":"default","ast-page-background-meta":{"desktop":{"background-color":"","background-image":"","background-repeat":"repeat","background-position":"center center","background-size":"auto","background-attachment":"scroll","background-type":"","background-media":"","overlay-type":"","overlay-color":"","overlay-opacity":"","overlay-gradient":""},"tablet":{"background-color":"","background-image":"","background-repeat":"repeat","background-position":"center center","background-size":"auto","background-attachment":"scroll","background-type":"","background-media":"","overlay-type":"","overlay-color":"","overlay-opacity":"","overlay-gradient":""},"mobile":{"background-color":"","background-image":"","background-repeat":"repeat","background-position":"center center","background-size":"auto","background-attachment":"scroll","background-type":"","background-media":"","overlay-type":"","overlay-color":"","overlay-opacity":"","overlay-gradient":""}},"ast-content-background-meta":{"desktop":{"background-color":"var(--ast-global-color-5)","background-image":"","background-repeat":"repeat","background-position":"center center","background-size":"auto","background-attachment":"scroll","background-type":"","background-media":"","overlay-type":"","overlay-color":"","overlay-opacity":"","overlay-gradient":""},"tablet":{"background-color":"var(--ast-global-color-5)","background-image":"","background-repeat":"repeat","background-position":"center center","background-size":"auto","background-attachment":"scroll","background-type":"","background-media":"","overlay-type":"","overlay-color":"","overlay-opacity":"","overlay-gradient":""},"mobile":{"background-color":"var(--ast-global-color-5)","background-image":"","background-repeat":"repeat","background-position":"center center","background-size":"auto","background-attachment":"scroll","background-type":"","background-media":"","overlay-type":"","overlay-color":"","overlay-opacity":"","overlay-gradient":""}},"footnotes":""},"class_list":["post-220","page","type-page","status-publish","hentry"],"uagb_featured_image_src":{"full":false,"thumbnail":false,"medium":false,"medium_large":false,"large":false,"1536x1536":false,"2048x2048":false},"uagb_author_info":{"display_name":"Heizmaster","author_link":"https:\/\/jansen-heizungstechnik.de\/?author=1"},"uagb_comment_info":0,"uagb_excerpt":"Ihr smarter Partner f\u00fcr Heizungstechnik Elektrotechnik Photovoltaik Moderne Heizsysteme, nachhaltige Energie und intelligente Smart-Home-L\u00f6sungen \u2013 alles aus einer Hand. Jetzt Kontakt aufnehmen Warum Dieter Jansen Heizungstechnik? \u00dcber 20 Jahre Erfahrung Kompetenz und Fachwissen in Heizungsbau, Photovoltaik &amp; Elektrotechnik Seit \u00fcber zwei Jahrzehnten stehen wir f\u00fcr zuverl\u00e4ssige Planung und Umsetzung in den Bereichen Heizungsbau, Photovoltaik und&hellip;","_links":{"self":[{"href":"https:\/\/jansen-heizungstechnik.de\/index.php?rest_route=\/wp\/v2\/pages\/220","targetHints":{"allow":["GET"]}}],"collection":[{"href":"https:\/\/jansen-heizungstechnik.de\/index.php?rest_route=\/wp\/v2\/pages"}],"about":[{"href":"https:\/\/jansen-heizungstechnik.de\/index.php?rest_route=\/wp\/v2\/types\/page"}],"author":[{"embeddable":true,"href":"https:\/\/jansen-heizungstechnik.de\/index.php?rest_route=\/wp\/v2\/users\/1"}],"replies":[{"embeddable":true,"href":"https:\/\/jansen-heizungstechnik.de\/index.php?rest_route=%2Fwp%2Fv2%2Fcomments&post=220"}],"version-history":[{"count":10,"href":"https:\/\/jansen-heizungstechnik.de\/index.php?rest_route=\/wp\/v2\/pages\/220\/revisions"}],"predecessor-version":[{"id":1107,"href":"https:\/\/jansen-heizungstechnik.de\/index.php?rest_route=\/wp\/v2\/pages\/220\/revisions\/1107"}],"wp:attachment":[{"href":"https:\/\/jansen-heizungstechnik.de\/index.php?rest_route=%2Fwp%2Fv2%2Fmedia&parent=220"}],"curies":[{"name":"wp","href":"https:\/\/api.w.org\/{rel}","templated":true}]}}